e remainder when 168 is divided by 52?
12
Calculate the remainder when 53 is divided by 10.
3
Calculate the remainder when 290 is divided by 20.
10
Calculate the remainder when 154 is divided by 32.
26
What is the remainder when 1106 is divided by 1070?
36
What is the remainder when 422 is divided by 366?
56
Calculate the remainder when 71 is divided by 61.
10
What is the remainder when 358 is divided by 41?
30
Calculate the remainder when 216 is divided by 151.
65
Calculate the remainder when 138 is divided by 10.
8
What is the remainder when 580 is divided by 117?
112
Calculate the remainder when 576 is divided by 287.
2
Calculate the remainder when 3593 is divided by 62.
59
What is the remainder when 205 is divided by 96?
13
Calculate the remainder when 1339 is divided by 432.
43
Calculate the remainder when 70 is divided by 16.
6
Calculate the remainder when 2789 is divided by 126.
17
What is the remainder when 275 is divided by 134?
7
Calculate the remainder when 2110 is divided by 33.
31
Calculate the remainder when 415 is divided by 126.
37
Calculate the remainder when 143 is divided by 49.
45
What is the remainder when 256 is divided by 128?
0
What is the remainder when 1026 is divided by 87?
69
Calculate the remainder when 922 is divided by 92.
2
What is the remainder when 89 is divided by 75?
14
Calculate the remainder when 223 is divided by 15.
13
What is the remainder when 395 is divided by 196?
3
Calculate the remainder when 191 is divided by 67.
57
Calculate the remainder when 3376 is divided by 147.
142
What is the remainder when 70 is divided by 24?
22
What is the remainder when 55 is divided by 18?
1
Calculate the remainder when 661 is divided by 284.
93
What is the remainder when 56 is divided by 17?
5
Calculate the remainder when 804 is divided by 34.
22
What is the remainder when 1675 is divided by 15?
10
Calculate the remainder when 16 is divided by 11.
5
What is the remainder when 662 is divided by 60?
2
Calculate the remainder when 152 is divided by 13.
9
What is the remainder when 121 is divided by 52?
17
What is the remainder when 1048 is divided by 18?
4
What is the remainder when 525 is divided by 24?
21
What is the remainder when 971 is divided by 164?
151
What is the remainder when 474 is divided by 161?
152
What is the remainder when 55 is divided by 28?
27
Calculate the remainder when 562 is divided by 94.
92
Calculate the remainder when 83 is divided by 24.
11
Calculate the remainder when 153 is divided by 38.
1
What is the remainder when 638 is divided by 317?
4
Calculate the remainder when 174 is divided by 111.
63
What is the remainder when 199 is divided by 34?
29
Calculate the remainder when 580 is divided by 6.
4
What is the remainder when 13 is divided by 5?
3
What is the remainder when 44 is divided by 10?
4
Calculate the remainder when 637 is divided by 61.
27
What is the remainder when 122 is divided by 84?
38
Calculate the remainder when 287 is divided by 6.
5
What is the remainder when 730 is divided by 148?
138
What is the remainder when 87 is divided by 43?
1
Calculate the remainder when 1169 is divided by 78.
77
What is the remainder when 57 is divided by 25?
7
Calculate the remainder when 1398 is divided by 26.
20
What is the remainder when 166 is divided by 30?
16
Calculate the remainder when 370 is divided by 77.
62
Calculate the remainder when 366 is divided by 29.
18
What is the remainder when 647 is divided by 36?
35
Calculate the remainder when 100 is divided by 47.
6
What is the remainder when 280 is divided by 273?
7
What is the remainder when 158 is divided by 61?
36
Calculate the remainder when 1214 is divided by 123.
107
What is the remainder when 812 is divided by 70?
42
Calculate the remainder when 131 is divided by 33.
32
Calculate the remainder when 64 is divided by 11.
9
What is the remainder when 147 is divided by 4?
3
Calculate the remainder when 122 is divided by 55.
12
What is the remainder when 691 is divided by 11?
9
What is the remainder when 1091 is divided by 13?
12
Calculate the remainder when 27 is divided by 15.
12
Calculate the remainder when 753 is divided by 69.
63
What is the remainder when 2746 is divided by 131?
126
What is the remainder when 217 is divided by 215?
2
What is the remainder when 173 is divided by 25?
23
What is the remainder when 373 is divided by 90?
13
What is the remainder when 160 is divided by 19?
8
What is the remainder when 66 is divided by 12?
6
Calculate the remainder when 1775 is divided by 47.
36
What is the remainder when 202 is divided by 51?
49
What is the remainder when 1152 is divided by 114?
12
Calculate the remainder when 648 is divided by 13.
11
Calculate the remainder when 32870 is divided by 56.
54
What is the remainder when 13694 is divided by 214?
212
Calculate the remainder when 117 is divided by 3.
0
What is the remainder when 264 is divided by 139?
125
What is the remainder when 97 is divided by 15?
7
What is the remainder when 176 is divided by 113?
63
Calculate the remainder when 357 is divided by 33.
27
What is the remainder when 25 is divided by 4?
1
Calculate the remainder when 1707 is divided by 555.
42
What is the remainder when 373 is divided by 25?
23
Calculate the remainder when 319 is divided by 108.
103
Calculate the remainder when 369 is divided by 37.
36
What is the remainder when 319 is divided by 80?
79
Calculate the remainder when 889 is divided by 181.
165
Calculate the remainder when 46 is divided by 5.
1
Calculate the remainder when 21423 is divided by 16.
15
Calculate the remainder when 49 is divided by 10.
9
Calculate the remainder when 2627 is divided by 18.
17
What is the remainder when 19 is divided by 6?
1
Calculate the remainder when 98 is divided by 17.
13
What is the remainder when 419 is divided by 111?
86
What is the remainder when 403 is divided by 398?
5
What is the remainder when 465 is divided by 73?
27
Calculate the remainder when 397 is divided by 50.
47
Calculate the remainder when 195 is divided by 100.
95
Calculate the remainder when 231 is divided by 26.
23
What is the remainder when 163 is divided by 28?
23
What is the remainder when 63 is divided by 13?
11
Calculate the remainder when 95 is divided by 41.
13
What is the remainder when 370 is divided by 118?
16
Calculate the remainder when 2738 is divided by 10.
8
Calculate the remainder when 258 is divided by 9.
6
Calculate the remainder when 603 is divided by 31.
14
Calculate the remainder when 316 is divided by 69.
40
What is the remainder when 72 is divided by 15?
12
Calculate the remainder when 558 is divided by 84.
54
Calculate the remainder when 5 is divided by 5.
0
Calculate the remainder when 39 is divided by 11.
6
What is the remainder when 82 is divided by 24?
10
What is the remainder when 69 is divided by 2?
1
Calculate the remainder when 1736 is divided by 22.
20
Calculate the remainder when 325 is divided by 93.
46
Calculate the remainder when 1230 is divided by 98.
54
Calculate the remainder when 108 is divided by 22.
20
Calculate the remainder when 846 is divided by 478.
368
What is the remainder when 4759 is divided by 49?
6
What is the remainder when 111 is divided by 29?
24
What is the remainder when 995 is divided by 21?
8
Calculate the remainder when 325 is divided by 4.
1
What is the remainder when 4861 is divided by 1611?
28
What is the remainder when 656 is divided by 173?
137
Calculate the remainder when 106 is divided by 31.
13
Calculate the remainder when 34 is divided by 3.
1
What is the remainder when 549 is divided by 23?
20
Calculate the remainder when 623 is divided by 16.
15
Calculate the remainder when 105 is divided by 28.
21
What is the remainder when 277 is divided by 2?
1
Calculate the remainder when 478 is divided by 120.
118
What is the remainder when 334 is divided by 68?
62
Calculate the remainder when 507 is divided by 212.
83
What is the remainder when 50819 is divided by 21?
20
Calculate the remainder when 436 is divided by 111.
103
Calculate the remainder when 96 is divided by 33.
30
Calculate the remainder when 647 is divided by 214.
5
Calculate the remainder when 1085 is divided by 32.
29
What is the remainder when 216 is divided by 54?
0
Calculate the remainder when 2964 is divi